{"id":365,"date":"2019-11-05T10:38:47","date_gmt":"2019-11-05T09:38:47","guid":{"rendered":"https:\/\/konferencje-ksi.pl\/?page_id=365"},"modified":"2019-11-07T12:43:57","modified_gmt":"2019-11-07T11:43:57","slug":"ksiegowosc-xxi-wieku-czyli-nowoczesne-technologie-dla-biur-rachunkowych","status":"publish","type":"page","link":"https:\/\/konferencje-ksi.pl\/?page_id=365","title":{"rendered":"Ksi\u0119gowo\u015b\u0107 XXI wieku czyli nowoczesne technologie dla biur rachunkowych"},"content":{"rendered":"<p>Ksi\u0119gowo\u015b\u0107 XXI wieku czyli nowoczesne technologie dla biur rachunkowych Pobierz<\/p>\n","protected":false},"excerpt":{"rendered":"<p>Ksi\u0119gowo\u015b\u0107 XXI wieku czyli nowoczesne technologie dla biur rachunkowych Pobierz<\/p>\n","protected":false},"author":1,"featured_media":0,"parent":0,"menu_order":0,"comment_status":"closed","ping_status":"closed","template":"","meta":[],"acf":[],"_links":{"self":[{"href":"https:\/\/konferencje-ksi.pl\/index.php?rest_route=\/wp\/v2\/pages\/365"}],"collection":[{"href":"https:\/\/konferencje-ksi.pl\/index.php?rest_route=\/wp\/v2\/pages"}],"about":[{"href":"https:\/\/konferencje-ksi.pl\/index.php?rest_route=\/wp\/v2\/types\/page"}],"author":[{"embeddable":true,"href":"https:\/\/konferencje-ksi.pl\/index.php?rest_route=\/wp\/v2\/users\/1"}],"replies":[{"embeddable":true,"href":"https:\/\/konferencje-ksi.pl\/index.php?rest_route=%2Fwp%2Fv2%2Fcomments&post=365"}],"version-history":[{"count":4,"href":"https:\/\/konferencje-ksi.pl\/index.php?rest_route=\/wp\/v2\/pages\/365\/revisions"}],"predecessor-version":[{"id":379,"href":"https:\/\/konferencje-ksi.pl\/index.php?rest_route=\/wp\/v2\/pages\/365\/revisions\/379"}],"wp:attachment":[{"href":"https:\/\/konferencje-ksi.pl\/index.php?rest_route=%2Fwp%2Fv2%2Fmedia&parent=365"}],"curies":[{"name":"wp","href":"https:\/\/api.w.org\/{rel}","templated":true}]}}