{"id":15,"date":"2019-10-18T09:02:09","date_gmt":"2019-10-18T07:02:09","guid":{"rendered":"http:\/\/zdn123.vot.pl\/olga.b\/klienci\/ksi\/?page_id=15"},"modified":"2019-10-18T09:31:44","modified_gmt":"2019-10-18T07:31:44","slug":"polityka-prywatnosci","status":"publish","type":"page","link":"https:\/\/konferencje-ksi.pl\/?page_id=15","title":{"rendered":"Polityka prywatno\u015bci"},"content":{"rendered":"<p>\u00a7 1 INFORMACJE OG\u00d3LNE 1.Niniejsza Polityka Prywatno\u015bci okre\u015bla zasady przetwarzania i ochrony danych osobowych przekazanych przez U\u017cytkownik\u00f3w w zwi\u0105zku z korzystaniem przez nich z Serwisu. 2.Administratorem danych osobowych zawartych w serwisie s\u0105: Konferencje Ksi. 3.W <a href=\"https:\/\/konferencje-ksi.pl\/?page_id=15\" title=\"Read more on Polityka prywatno\u015bci\" class=\"more-link\">read more<\/a><\/p>\n","protected":false},"excerpt":{"rendered":"<p>\u00a7 1 INFORMACJE OG\u00d3LNE 1.Niniejsza Polityka Prywatno\u015bci okre\u015bla zasady przetwarzania i ochrony danych osobowych przekazanych przez U\u017cytkownik\u00f3w w zwi\u0105zku z korzystaniem przez nich z Serwisu. 2.Administratorem danych osobowych zawartych w serwisie s\u0105: Konferencje Ksi. 3.W read more<\/p>\n","protected":false},"author":1,"featured_media":0,"parent":0,"menu_order":0,"comment_status":"closed","ping_status":"closed","template":"","meta":[],"acf":[],"_links":{"self":[{"href":"https:\/\/konferencje-ksi.pl\/index.php?rest_route=\/wp\/v2\/pages\/15"}],"collection":[{"href":"https:\/\/konferencje-ksi.pl\/index.php?rest_route=\/wp\/v2\/pages"}],"about":[{"href":"https:\/\/konferencje-ksi.pl\/index.php?rest_route=\/wp\/v2\/types\/page"}],"author":[{"embeddable":true,"href":"https:\/\/konferencje-ksi.pl\/index.php?rest_route=\/wp\/v2\/users\/1"}],"replies":[{"embeddable":true,"href":"https:\/\/konferencje-ksi.pl\/index.php?rest_route=%2Fwp%2Fv2%2Fcomments&post=15"}],"version-history":[{"count":2,"href":"https:\/\/konferencje-ksi.pl\/index.php?rest_route=\/wp\/v2\/pages\/15\/revisions"}],"predecessor-version":[{"id":36,"href":"https:\/\/konferencje-ksi.pl\/index.php?rest_route=\/wp\/v2\/pages\/15\/revisions\/36"}],"wp:attachment":[{"href":"https:\/\/konferencje-ksi.pl\/index.php?rest_route=%2Fwp%2Fv2%2Fmedia&parent=15"}],"curies":[{"name":"wp","href":"https:\/\/api.w.org\/{rel}","templated":true}]}}